{"id":333,"date":"2014-06-10T09:45:29","date_gmt":"2014-06-10T09:45:29","guid":{"rendered":"http:\/\/demo.cactusthemes.com\/university\/?page_id=333"},"modified":"2025-02-07T09:03:06","modified_gmt":"2025-02-07T07:03:06","slug":"home-2","status":"publish","type":"page","link":"https:\/\/www.effeemmesas.it\/en\/","title":{"rendered":"Home"},"content":{"rendered":"<div class=\"u_row dark-div\">\n        \t<div class=\"vc_row wpb_row vc_row-fluid main-color-1-bg vc_custom_1434455707676\"><div class=\"wpb_animate_when_almost_visible wpb_left-to-right left-to-right wpb_column vc_column_container vc_col-sm-4\"><div class=\"vc_column-inner\"><div class=\"wpb_wrapper\">\n\t<div class=\"wpb_text_column wpb_content_element  wpb_animate_when_almost_visible wpb_bottom-to-top bottom-to-top vc_custom_1585646705453\" >\n\t\t<div class=\"wpb_wrapper\">\n\t\t\t<h1 style=\"text-align: center;\">EVENTI<\/h1>\n\n\t\t<\/div>\n\t<\/div>\n\n\t<div class=\"wpb_text_column wpb_content_element\" >\n\t\t<div class=\"wpb_wrapper\">\n\t\t\t<p style=\"text-align: center;\"><span class=\"s3\">Svolgiamo attivit\u00e0 di organizzazione e gestione di corsi, seminari, convegni e congressi<span class=\"Apple-converted-space\">\u00a0\u00a0<\/span>per la formazione, qualificazione, addestramento professionale e culturale con un\u2019esperienza consolidata nel settore medico-scientifico.<\/span><\/p>\n\n\t\t<\/div>\n\t<\/div>\n<\/div><\/div><\/div><div class=\"wpb_animate_when_almost_visible wpb_top-to-bottom top-to-bottom wpb_column vc_column_container vc_col-sm-4\"><div class=\"vc_column-inner\"><div class=\"wpb_wrapper\">\n\t<div class=\"wpb_text_column wpb_content_element  wpb_animate_when_almost_visible wpb_bottom-to-top bottom-to-top vc_custom_1585646751765\" >\n\t\t<div class=\"wpb_wrapper\">\n\t\t\t<h1 style=\"text-align: center;\">CONGRESSI<\/h1>\n\n\t\t<\/div>\n\t<\/div>\n\n\t<div class=\"wpb_text_column wpb_content_element\" >\n\t\t<div class=\"wpb_wrapper\">\n\t\t\t<p style=\"text-align: center;\">Professionalit\u00e0, affidabilit\u00e0 e creativit\u00e0 guidano tutte le fasi di organizzazione e gestione degli eventi, garantendo l\u2019efficacia dell\u2019azione organizzativa e di comunicazione.<\/p>\n\n\t\t<\/div>\n\t<\/div>\n<\/div><\/div><\/div><div class=\"wpb_animate_when_almost_visible wpb_right-to-left right-to-left wpb_column vc_column_container vc_col-sm-4\"><div class=\"vc_column-inner\"><div class=\"wpb_wrapper\">\n\t<div class=\"wpb_text_column wpb_content_element  wpb_animate_when_almost_visible wpb_bottom-to-top bottom-to-top vc_custom_1585646801101\" >\n\t\t<div class=\"wpb_wrapper\">\n\t\t\t<h1 style=\"text-align: center;\">CORSI<\/h1>\n\n\t\t<\/div>\n\t<\/div>\n\n\t<div class=\"wpb_text_column wpb_content_element\" >\n\t\t<div class=\"wpb_wrapper\">\n\t\t\t<p style=\"text-align: center;\">Ci avvaliamo di una vasta rete di specialisti clinici e di esperti della comunicazione, costantemente impegnati nel proporre ed erogare nuovi format didattici ed \u00e8 in grado di rivolgersi a tutti gli operatori della Sanit\u00e0.<\/p>\n\n\t\t<\/div>\n\t<\/div>\n<\/div><\/div><\/div><\/div>    \t\t\t<\/div><!--\/u_row-->\n\t\t\t<div class=\"u_row\">\n        \t<div class=\"vc_row wpb_row vc_row-fluid vc_custom_1407145598493\"><div class=\"wpb_column vc_column_container vc_col-sm-12\"><div class=\"vc_column-inner\"><div class=\"wpb_wrapper\">        <div class=\"event-listing un-grid-listing un-post-grid un-post-grid-7542 wpb_bottom-to-top wpb_animate_when_almost_visible\" data-delay=\"0.2\">\r\n            <div class=\"grid-listing-wrap\">\r\n                <div class=\"grid-listing\">\r\n                \t                    <div class=\"grid-item grid-header\">\r\n                        <div class=\"grid-item-inner main-color-1-bg dark-div\"  >\r\n                            <div class=\"grid-item-content event-item\">\r\n                                <h1>Prossimi Eventi<\/h1>                                <p>Scopri tutti gli eventi futuri<\/p>                                                                <a class=\"btn btn-default\" href=\"https:\/\/www.effeemmesas.it\/en\/eventi\/\">SCOPRI <i class=\"fa fa-angle-right\"><\/i><\/a>\r\n                                                            <\/div>\r\n                        <\/div>\r\n                    <\/div>\r\n                                                        <\/div>\r\n            <\/div>\r\n        <\/div><!--\/un-grid-listing-->\r\n        \t<\/div><\/div><\/div><\/div>    \t\t\t<\/div><!--\/u_row-->\n\t\t\t<div class=\"u_row dark-div u_paralax\">\n        \t<div class=\"vc_row wpb_row vc_row-fluid vc_custom_1587743332041 vc_row-has-fill\"><div class=\"wpb_column vc_column_container vc_col-sm-12\"><div class=\"vc_column-inner\"><div class=\"wpb_wrapper\">\n\t<div class=\"wpb_text_column wpb_content_element  wpb_animate_when_almost_visible wpb_left-to-right left-to-right 05\" >\n\t\t<div class=\"wpb_wrapper\">\n\t\t\t<h1 style=\"text-align: center;\">Vuoi ricevere informazioni sui prossimi eventi?<\/h1>\n<p>&nbsp;<\/p>\n<p style=\"text-align: center;\">    \t<a class=\"btn button-button_19 btn-primary btn-lg\" href=\"https:\/\/www.effeemmesas.it\/en\/contatti\/\" data-delay=\"0\" >\r\n        CONTATTACI        <\/a>\r\n        <\/p>\n\n\t\t<\/div>\n\t<\/div>\n<\/div><\/div><\/div><\/div>    \t\t\t<\/div><!--\/u_row-->\n\t<\/p>","protected":false},"excerpt":{"rendered":"EVENTI Svolgiamo attivit\u00e0 di organizzazione e gestione di corsi, seminari, convegni e congressi\u00a0\u00a0per la formazione, qualificazione, addestramento professionale e culturale con un\u2019esperienza consolidata nel settore medico-scientifico. CONGRESSI Professionalit\u00e0, affidabilit\u00e0 e creativit\u00e0 guidano tutte le fasi di organizzazione e gestione degli eventi, garantendo l\u2019efficacia dell\u2019azione organizzativa e di comunicazione. CORSI Ci avvaliamo di una vasta rete [...]","protected":false},"author":1,"featured_media":0,"parent":0,"menu_order":0,"comment_status":"closed","ping_status":"closed","template":"page-templates\/front-page.php","meta":{"footnotes":""},"class_list":["post-333","page","type-page","status-publish","hentry"],"_links":{"self":[{"href":"https:\/\/www.effeemmesas.it\/en\/wp-json\/wp\/v2\/pages\/333"}],"collection":[{"href":"https:\/\/www.effeemmesas.it\/en\/wp-json\/wp\/v2\/pages"}],"about":[{"href":"https:\/\/www.effeemmesas.it\/en\/wp-json\/wp\/v2\/types\/page"}],"author":[{"embeddable":true,"href":"https:\/\/www.effeemmesas.it\/en\/wp-json\/wp\/v2\/users\/1"}],"replies":[{"embeddable":true,"href":"https:\/\/www.effeemmesas.it\/en\/wp-json\/wp\/v2\/comments?post=333"}],"version-history":[{"count":26,"href":"https:\/\/www.effeemmesas.it\/en\/wp-json\/wp\/v2\/pages\/333\/revisions"}],"predecessor-version":[{"id":138286,"href":"https:\/\/www.effeemmesas.it\/en\/wp-json\/wp\/v2\/pages\/333\/revisions\/138286"}],"wp:attachment":[{"href":"https:\/\/www.effeemmesas.it\/en\/wp-json\/wp\/v2\/media?parent=333"}],"curies":[{"name":"wp","href":"https:\/\/api.w.org\/{rel}","templated":true}]}}

<div class="u_row dark-div">
        	<div class="vc_row wpb_row vc_row-fluid main-color-1-bg vc_custom_1434455707676"><div class="wpb_animate_when_almost_visible wpb_left-to-right left-to-right wpb_column vc_column_container vc_col-sm-4"><div class="vc_column-inner"><div class="wpb_wrapper">
	<div class="wpb_text_column wpb_content_element  wpb_animate_when_almost_visible wpb_bottom-to-top bottom-to-top vc_custom_1585646705453" >
		<div class="wpb_wrapper">
			<h1 style="text-align: center;">EVENTI</h1>

		</div>
	</div>

	<div class="wpb_text_column wpb_content_element" >
		<div class="wpb_wrapper">
			<p style="text-align: center;"><span class="s3">Svolgiamo attività di organizzazione e gestione di corsi, seminari, convegni e congressi<span class="Apple-converted-space">  </span>per la formazione, qualificazione, addestramento professionale e culturale con un’esperienza consolidata nel settore medico-scientifico.</span></p>

		</div>
	</div>
</div></div></div><div class="wpb_animate_when_almost_visible wpb_top-to-bottom top-to-bottom wpb_column vc_column_container vc_col-sm-4"><div class="vc_column-inner"><div class="wpb_wrapper">
	<div class="wpb_text_column wpb_content_element  wpb_animate_when_almost_visible wpb_bottom-to-top bottom-to-top vc_custom_1585646751765" >
		<div class="wpb_wrapper">
			<h1 style="text-align: center;">CONGRESSI</h1>

		</div>
	</div>

	<div class="wpb_text_column wpb_content_element" >
		<div class="wpb_wrapper">
			<p style="text-align: center;">Professionalità, affidabilità e creatività guidano tutte le fasi di organizzazione e gestione degli eventi, garantendo l’efficacia dell’azione organizzativa e di comunicazione.</p>

		</div>
	</div>
</div></div></div><div class="wpb_animate_when_almost_visible wpb_right-to-left right-to-left wpb_column vc_column_container vc_col-sm-4"><div class="vc_column-inner"><div class="wpb_wrapper">
	<div class="wpb_text_column wpb_content_element  wpb_animate_when_almost_visible wpb_bottom-to-top bottom-to-top vc_custom_1585646801101" >
		<div class="wpb_wrapper">
			<h1 style="text-align: center;">CORSI</h1>

		</div>
	</div>

	<div class="wpb_text_column wpb_content_element" >
		<div class="wpb_wrapper">
			<p style="text-align: center;">Ci avvaliamo di una vasta rete di specialisti clinici e di esperti della comunicazione, costantemente impegnati nel proporre ed erogare nuovi format didattici ed è in grado di rivolgersi a tutti gli operatori della Sanità.</p>

		</div>
	</div>
</div></div></div></div>    			</div><!--/u_row-->
			<div class="u_row">
        	<div class="vc_row wpb_row vc_row-fluid vc_custom_1407145598493"><div class="wpb_column vc_column_container vc_col-sm-12"><div class="vc_column-inner"><div class="wpb_wrapper">        <div class="event-listing un-grid-listing un-post-grid un-post-grid-7542 wpb_bottom-to-top wpb_animate_when_almost_visible" data-delay="0.2">
            <div class="grid-listing-wrap">
                <div class="grid-listing">
                	                    <div class="grid-item grid-header">
                        <div class="grid-item-inner main-color-1-bg dark-div"  >
                            <div class="grid-item-content event-item">
                                <h1>Prossimi Eventi</h1>                                <p>Scopri tutti gli eventi futuri</p>                                                                <a class="btn btn-default" href="https://www.effeemmesas.it/en/eventi/">SCOPRI <i class="fa fa-angle-right"></i></a>
                                                            </div>
                        </div>
                    </div>
                                                        </div>
            </div>
        </div><!--/un-grid-listing-->
        	</div></div></div></div>    			</div><!--/u_row-->
			<div class="u_row dark-div u_paralax">
        	<div class="vc_row wpb_row vc_row-fluid vc_custom_1587743332041 vc_row-has-fill"><div class="wpb_column vc_column_container vc_col-sm-12"><div class="vc_column-inner"><div class="wpb_wrapper">
	<div class="wpb_text_column wpb_content_element  wpb_animate_when_almost_visible wpb_left-to-right left-to-right 05" >
		<div class="wpb_wrapper">
			<h1 style="text-align: center;">Vuoi ricevere informazioni sui prossimi eventi?</h1>
<p>&nbsp;</p>
<p style="text-align: center;">    	<a class="btn button-button_19 btn-primary btn-lg" href="https://www.effeemmesas.it/en/contatti/" data-delay="0" >
        CONTATTACI        </a>
        </p>

		</div>
	</div>
</div></div></div></div>    			</div><!--/u_row-->
	</p>

EVENTI Svolgiamo attività di organizzazione e gestione di corsi, seminari, convegni e congressi  per la formazione, qualificazione, addestramento professionale e culturale con un’esperienza consolidata nel settore medico-scientifico. CONGRESSI Professionalità, affidabilità e creatività guidano tutte le fasi di organizzazione e gestione degli eventi, garantendo l’efficacia dell’azione organizzativa e di comunicazione. CORSI Ci avvaliamo di una vasta rete [...]
